5*l + 39. Calculate h(-16).
-73
Let h(z) = 14*z**3 + z**2 + 86*z - 272. Determine h(3).
373
Let z(j) = 7*j - 144. Give z(25).
31
Let s(c) = -7*c**3 - 26*c - 68. Determine s(-4).
484
Let r(o) = 31*o + 14. Determine r(9).
293
Let t(u) = 2*u**2 - u - 54. Give t(6).
12
Let u(z) = -206*z + 813. Give u(4).
-11
Let v(n) = -n**2 + 394*n - 1168. Determine v(3).
5
Let d(x) = x**2 - 598*x - 595. Give d(-1).
4
Let c(b) = b**2 + 28*b + 15. Give c(-18).
-165
Let t(p) = -p**3 - 40*p**2 + 2409*p - 5. Give t(-73).
-5
Let s(o) = o**3 + 32*o**2 + 19*o - 393. What is s(-31)?
-21
Let o(d) = -118*d**3 + d**2 + d - 1. Calculate o(-1).
117
Let y(t) = 2*t**2 + 16*t - 59. What is y(4)?
37
Let l(d) = d**3 + 32*d**2 - 254*d - 9427. Determine l(-30).
-7
Let w(h) = -8*h**3 - 495*h**2 + 61*h - 71. What is w(-62)?
-9
Let w(s) = -s**3 + 136*s**2 - 278*s + 1375. Determine w(134).
35
Let g(f) = 35*f - 954. Determine g(29).
61
Let j(q) = -26*q - 1765. What is j(-74)?
159
Let n(q) = -50*q - 161. Give n(-3).
-11
Let n(u) = 17*u**2 - 378*u + 21. What is n(22)?
-67
Let n(o) = 16*o**2 + 540*o - 33. Give n(-34).
103
Let j(n) = n**3 - 13*n**2 - 7*n + 32. Calculate j(10).
-338
Let u(p) = 16*p**3 - p**2 - 49*p + 48. Give u(1).
14
Let w(f) = -f**3 + 20*f**2 - 3*f - 811. Give w(17).
5
Let o(x) = 28*x - 111. Calculate o(3).
-27
Let n(f) = 2*f**3 + 207*f**2 + 98*f - 351. Calculate n(-103).
164
Let q(a) = -96*a - 1367. Give q(-14).
-23
Let f(i) = i**3 - 6*i**2 + 6*i - 19. Calculate f(6).
17
Let l(n) = n**2 + 7*n - 40. Calculate l(-11).
4
Let k(y) = 6*y**2 + 3*y - 31. What is k(6)?
203
Let k(w) = 25*w**2 - 176*w + 45. Calculate k(7).
38
Let v(f) = -1395*f + 5564. Give v(4).
-16
Let d(c) = -c**3 - 3*c**2 - c + 94. Give d(0).
94
Let w(r) = 2*r**3 + 36*r**2 + 88*r + 105. What is w(-15)?
135
Let m(f) = 4*f**2 + 121*f + 64. Give m(-30).
34
Let s(h) = 3*h**3 + 22*h**2 + 71*h + 277. Determine s(-6).
-5
Let w(t) = 312*t - 19973. Calculate w(64).
-5
Let z(c) = -43*c**2 + 9*c + 5. Calculate z(-3).
-409
Let n(s) = -19*s - 487. Give n(-10).
-297
Let h(t) = 28*t - 2338. What is h(83)?
-14
Let k(y) = -2*y**3 - 9*y**2 + 7*y + 30. Give k(-4).
-14
Let r(z) = -z**3 - 53*z**2 - 684*z - 262. What is r(-21)?
-10
Let y(n) = 163*n - 50. Determine y(1).
113
Let l(c) = 13757*c - 68783. Calculate l(5).
2
Let j(m) = -m**3 - m**2 + 9*m - 92. Calculate j(0).
-92
Let i(f) = -f**3 - 18*f**2 - 87*f. Calculate i(-9).
54
Let b(l) = -l**3 + 18*l**2 - 23*l - 2. Calculate b(17).
-104
Let i(u) = -6*u**3 + 429*u**2 + 657*u + 5. Determine i(73).
5
Let q(z) = 3176*z - 3156. Determine q(1).
20
Let k(i) = 354*i - 3549. Determine k(10).
-9
Let j(t) = 7*t + 126. Calculate j(-29).
-77
Let f(k) = 21*k - 247. Determine f(27).
320
Let t(i) = -i**3 + i**2 + 108*i + 17. Calculate t(0).
17
Let a(j) = j**3 - 15*j**2 + 11*j - 21. What is a(14)?
-63
Let u(f) = -f**2 + 11776*f + 3. What is u(0)?
3
Let z(w) = 7*w**2 + 34*w + 31. What is z(-1)?
4
Let w(r) = 29*r**3 - 2*r + 1. Give w(-2).
-227
Let r(s) = s**3 + 53*s**2 + 106*s + 216. Calculate r(-51).
12
Let m(q) = q**2 - 16*q - 1236. What is m(44)?
-4
Let r(n) = 4*n**2 + 3*n + 321. Calculate r(0).
321
Let n(k) = k**3 + k**2 - 10*k - 19. What is n(-7)?
-243
Let v(c) = -151*c - 122. Give v(-2).
180
Let z(y) = 9*y - 348. Determine z(25).
-123
Let p(j) = -j**2 + 26*j - 162. Give p(12).
6
Let u(m) = 2276*m - 13634. Give u(6).
22
Let c(n) = -n**3 - 116*n**2 + 31*n - 10055. Calculate c(-117).
7
Let k(r) = -r**3 + 5*r**2 + 13*r - 4. Give k(6).
38
Let d(h) = h**3 - 19*h**2 + 12. Determine d(19).
12
Let f(d) = 2*d**2 - 26*d + 2. Give f(0).
2
Let v(h) = -213*h - 3815. What is v(-18)?
19
Let k(q) = 3*q**2 - 47*q + 142. Give k(6).
-32
Let j(z) = 174*z + 1767. Calculate j(-11).
-147
Let y(j) = 47*j - 488. Calculate y(19).
405
Let d(h) = -h**3 + 35*h**2 - 308*h + 34. Calculate d(16).
-30
Let q(r) = 4*r**2 + 750*r + 4670. What is q(-181)?
-36
Let b(y) = -124*y - 533. Determine b(-4).
-37
Let a(g) = g**3 + 7*g**2 - 7*g - 1. Calculate a(-2).
33
Let z(a) = -a**2 - 270*a - 7971. Calculate z(-34).
53
Let q(y) = -158*y + 2560. Calculate q(16).
32
Let f(u) = u**3 + 15*u**2 - 364*u + 13. What is f(-28)?
13
Let j(r) = 2*r**3 + 7*r**2 + 9*r - 11. Calculate j(-3).
-29
Let r(y) = -57*y + 355. Determine r(-5).
640
Let r(x) = 126*x - 3260. Determine r(26).
16
Let v(n) = -n**3 - 12*n**2 - 232*n - 2096. Determine v(-10).
24
Let x(u) = -42*u - 5729. Give x(-136).
-17
Let w(n) = n**2 + 99*n + 2024. Give w(-29).
-6
Let w(q) = q**3 + 88*q**2 - 117*q - 2486. Determine w(-89).
6
Let x(z) = -48*z - 3434. Determine x(-70).
-74
Let m(u) = 6*u - 12. Give m(40).
228
Let u(d) = 2*d**3 - 60*d**2 + 78*d - 562. Give u(29).
18
Let d(j) = -2*j**2 + 136*j + 176. What is d(69)?
38
Let f(s) = 87*s - 859. Determine f(10).
11
Let i(g) = -g**2 - 775*g - 1543. Give i(-2).
3
Let l(a) = -6*a + 27. Calculate l(4).
3
Let i(p) = 2*p**2 + 1098*p - 4426. Determine i(4).
-2
Let z(h) = -h**3 + 297*h**2 + 593*h + 1496. Determine z(299).
1
Let d(p) = -893*p - 5389. Give d(-6).
-31
Let q(m) = -6*m**2 - 224*m - 29. Calculate q(-37).
45
Let y(u) = 62*u - 2114. What is y(33)?
-68
Let y(o) = -34*o + 660. Calculate y(29).
-326
Let b(l) = 3133*l + 9412. Calculate b(-3).
13
Let o(f) = 1158*f + 16256. Give o(-14).
44
Let w(d) = -57*d - 1483. Give w(-26).
-1
Let z(k) = -16*k + 216. What is z(19)?
-88
Let p(s) = -2*s**3 + 16*s**2 - 30*s + 449. What is p(9)?
17
Let f(t) = 851*t + 8495. Calculate f(-10).
-15
Let z(q) = 2*q**3 - 7*q**2 - 17*q + 22. What is z(-4)?
-150
Let g(y) = -1337*y + 9355. What is g(7)?
-4
Let i(c) = 8*c**3 + 5*c + 2. Calculate i(-2).
-72
Let u(a) = a - 197. What is u(-7)?
-204
Let r(y) = y**3 - y**2 - 243*y + 495. What is r(15)?
0
Let c(z) = 2*z**3 + 6*z**2 - 45*z - 21. Determine c(-6).
33
Let t(r) = r**2 - 255*r - 4331. Give t(-16).
5
Let z(t) = t**3 - 36*t**2 - 6. Determine z(36).
-6
Let m(s) = -s**2 - 47*s + 5292. Calculate m(-100).
-8
Let m(u) = 2*u**3 - 22*u**2 - 195. What is m(12)?
93
Let a(p) = -2*p**3 - 58*p**2 + 292*p + 921. Calculate a(-33).
-3
Let w(c) = c**2 + 154*c + 4967. Give w(-46).
-1
Let x(m) = m**3 - 12*m**2 - 221*m - 8. Calculate x(22).
-30
Let c(h) = -h**3 - 12*h**2 - 2*h + 18. What is c(-12)?
42
Let g(b) = b**2 + 73*b + 407. Calculate g(-68).
67
Let c(w) = -w**2 + 212*w - 620. Determine c(3).
7
Let r(c) = -19*c + 132. What is r(12)?
-96
Let l(x) = x**3 - 60*x**2 + 171*x - 166. Determine l(57).
-166
Let r(p) = -p**2 + 15*p - 73. What is r(6)?
-19
Let j(g) = -2*g**3 + 84*g**2 - 84*g + 101. Calculate j(41).
19
Let k(d) = 6*d**2 - 11*d + 4. Give k(5).
99
Let j(n) = -n**3 - 5*n**2 + 2*n + 18. What is j(-4)?
-6
Let w(y) = -55*y + 8025. What is w(145)?
50
Let w(q) = 10*q**2 + 86*q - 96. Calculate w(-10).
44
Let r(a) = -18*a**2 - 73*a + 88. Give r(-5).
3
Let w(l) = l**3 - 44*l**2 + 257*l + 13. What is w(7)?
-1
Let b(j) = -j**3 + 84*j**2 - 1091*j + 36. Give b(16).
-12
Let u(v) = -v**3 - 12*v**2 + 23*v + 33. What is u(-13)?
-97
Let r(x) = -x**2 - 34*x - 93. Calculate r(-31).
0
Let x(r) = r**3 + 131*r**2 + 280*r + 2830. Calculate x(-129).
-8
Let k(j) = j**3 - 15*j**2 + 46*j - 10. What is k(6)?
-58
Let k(s) = -s**2 - 52*s - 263. Calculate k(-7).
52
Let i(d) = -24*d - 194. Determine i(-18).
238
Let c(j) = 479*j + 52209. Calculate c(-109).
-2
Let l(d) = 15*d**2 - d - 85. Give l(-6).
461
Let m(n) = n**2 - 57*n + 246. Calculate m(48).
-186
Let n(v) = v**3 - 7*v**2 - 15*v - 173. Calculate n(10).
-23
Let d(q) = 52*q**3 - 6*q**2 + 7*q - 4. What is d(2)?
402
Let n(c) = c**3 + c**2 - 8*c + 63. Give n(0).
63
Let d(p) = 9*p**2 + 59*p - 3. Give d(-6).
-33
Let d(g) = 666*g - 4. Calculate d(0).
-4
Let q(f) = 10*f**2 - 55*f - 15. Calculate q(7).
90
Let r(w) = 2*w**3 - 60*w**2 + 2*w - 61. Determine r(30).
-1
Let c(s) = -146*s**2 - 732*s - 13. Calculate c(-5).
-3
Let c(v) = 53*v - 1752. Calculate c(33).
-3
Let t(z) = -38*z + 2429. What is t(65)?
-41
Let j(k) = 157*k + 10038. What is j(-64)?
-10
Let o(m) = 2*m**3 - 32*m**2 + 5*m + 12. What is o(15)?
-363
Let c(t) = 1207*t - 37433. What is c(31)?
-16
Let q(b) = 4*b**3 - 108*b**2 - 105*b - 231. Give q(28).
-35
Let i(w) = -w**3 + 11*w**2 - 28*w + 117. Give i(9).
27
Let j(w) = -2*w**2 - 1057*w - 20333. Determine j(-20).
7
Let l(j) = -3*j**2 + 53*j + 110. Determine l(-2).
-8
Let v(u) = u**3 + 11*u**2 - 15*u. Give v